divided by l(-24)?
51
Let m(a) = -a**3 + 12*a**2 - 15*a + 115. Calculate the remainder when m(9) is divided by 57.
52
Let l = 14067 + -14057. Calculate the remainder when 4596 is divided by l.
6
Let k be (304/(-95))/(4/(-10)). Suppose 3420 = -k*t + 28*t. What is the remainder when t is divided by 60?
51
Let f = -721 - -723. Suppose f*y - 136 = -4*c, 50*y - 296 = 46*y - 2*c. Calculate the remainder when 94 is divided by y.
18
Calculate the remainder when 415 is divided by (4448/(-64))/((-1)/2) - (3 - 0).
7
What is the remainder when (2 - -35)/(11/(4 - -447)) is divided by 7?
5
Suppose -99 = -3*j + 15*o - 13*o, -108 = -3*j + 5*o. Suppose 0 = -5*v - 3*q + 22, 2*q - 3*q = 4*v - 12. Calculate the remainder when j is divided by v.
1
Suppose 5*m - 2*a = 413 - 39, 3*m - 5*a = 213. What is the remainder when 253 is divided by m?
25
Let l be 6*(2 + -9) - -4. Let f = 245 + l. What is the remainder when f is divided by 52?
51
Let p = -737 + 741. Suppose -p*a + 380 = -4*o, 3*a - 5*o = -0*o + 295. Calculate the remainder when 179 is divided by a.
89
Suppose 23*w - 9861 = 4215. Suppose 707 = 5*v - 4*t, -5*v + 71 = 4*t - w. Calculate the remainder when v is divided by 28.
27
Let d = -17583 - -17731. What is the remainder when d is divided by 94?
54
Let g be (-4 - (-27)/9)*-53. What is the remainder when (-2 - 4)*(-15)/10*g is divided by 120?
117
Suppose 6*a + 3 + 171 = 0. Let r = a - -32. Suppose r*y - 182 = -4*y. What is the remainder when y is divided by 9?
8
Suppose 5*m - 47 = -3*h, 2*h - 5*m + 12 = 10. Calculate the remainder when (-182)/(-3)*h*(-3)/(-18) is divided by 34.
23
Suppose -3*k - 2*a + 9 + 11 = 0, 0 = 3*k - a - 26. Suppose -25*f = -16*f - 477. Calculate the remainder when f is divided by k.
5
Let x(s) = s**3 - 2*s**2 - 1. Let l be x(2). Let m be (55/(-10) + 5)/(l/82). Let z = m - 36. What is the remainder when 12 is divided by z?
2
Let s(t) = 13*t**3 + 6*t**2 - 15*t + 10. What is the remainder when s(4) is divided by 75?
53
Suppose -3776 + 3832 = 5*i - 3*m, 0 = -4*i + 5*m + 63. Calculate the remainder when 2799 is divided by i.
6
Let m(w) = -2*w**3 - 123*w**2 + 179*w + 149. Calculate the remainder when m(-63) is divided by 130.
129
Let u = -22099 - -22110. Calculate the remainder when 3130 is divided by u.
6
Suppose -5*h - 6029 = -6789. Calculate the remainder when h is divided by 2.
0
Let s(r) = r**3 + 20*r**2 + 15*r + 48. Let k be s(-19). Suppose -3*a + 796 = k. Calculate the remainder when a is divided by 58.
50
Let b(a) = -5*a**2 + 22*a - 8. Let z be b(-8). Let k = 596 + z. Calculate the remainder when 1379 is divided by k.
91
Let n(r) = 26*r - 1155. What is the remainder when 1318 is divided by n(49)?
9
Let k = -20 - -32. Let i(z) = -62*z - 3. Let s be i(-2). Let w = s - 62. What is the remainder when w is divided by k?
11
Suppose 3*n + 2*l + 102 + 304 = 0, -l = -5*n - 681. Let r = n - -147. Let x(o) = -12*o - 9. What is the remainder when x(-7) is divided by r?
9
Suppose 5*c + 0*x - 1579 = -3*x, 5*x = 4*c - 1278. What is the remainder when c is divided by 32?
29
Let r(o) = 2*o**2 - 240*o + 4778. What is the remainder when r(19) is divided by 65?
30
Suppose -3*q - 16 = -x - 0, 5*q = 4*x - 57. Suppose x*z = 6*z + 7. Let p = 117 + z. Calculate the remainder when p is divided by 20.
18
Let u = -1 - -11. Suppose 8*o + 5529 = 5761. Calculate the remainder when 4/u + 278/5 is divided by o.
27
Suppose o - 2*o + y + 128 = 0, 0 = -5*o + 2*y + 637. Let f be (-24)/((4/(-496))/(1/6)). Let s = -470 + f. What is the remainder when o is divided by s?
23
Suppose -3*n + 7*n = 44. Suppose n*i - 296 = -87. Let p(r) = 2*r - 10. Calculate the remainder when 250 is divided by p(i).
26
Calculate the remainder when 364 is divided by 2/4*((-2900)/(-20) + -37).
40
Suppose 8787 = 25*a + 1212. Suppose -2*y + a = n + 3*y, 3*y = 2*n - 554. What is the remainder when n is divided by 57?
55
Let j = -55 - -54. Let m be -1*1 + (-13 - -7)*j. Suppose 77 = m*q - p - 48, q = 3*p + 25. Calculate the remainder when 98 is divided by q.
23
Let a be (-2 + 6)*(-4 - 394/(-8)). Let j = a - 154. What is the remainder when 20/(-35) + (-5052)/(-21) is divided by j?
24
Let r = 2826 - 2826. Let j(i) be the first derivative of -3*i**2 + 35*i + 1. What is the remainder when j(r) is divided by 9?
8
Calculate the remainder when 712 is divided by (-69)/(-3)*(-45)/(-5).
91
Suppose n - 637 = -3*m, -118*n + 1988 = -115*n - 2*m. What is the remainder when 1332 is divided by n?
16
What is the remainder when 621 is divided by -57 + 76 + 2 + -9?
9
Let x(i) = 17*i + 107. Calculate the remainder when x(4) is divided by 90.
85
Let w = -45 + 68. What is the remainder when w is divided by -8 + 6 - (1 + 48/(-3))?
10
Suppose -5*a - 4*x + 11 = 0, -3*a + 0*a - x = -8. Calculate the remainder when 75 is divided by (a/(-6))/((-5)/70).
5
Let n be 4/10*(-1250)/(-10). Let l = n - 19. What is the remainder when l is divided by 20?
11
Suppose -26*y + 5721 = -51. Calculate the remainder when y is divided by 72.
6
Let x(a) = a**3 - 18*a**2 - 14*a + 1. Let r be (2/(-8))/((-4)/304). What is the remainder when x(r) is divided by 37?
22
Let k(o) = -5*o**2 - 2*o + 4. Let h(u) = 19 - 10*u**2 + 11*u + 36*u**2 - 39. Let f(a) = -2*h(a) - 11*k(a). What is the remainder when 87 is divided by f(3)?
18
Suppose -18*d + 112 = 22. Let j(f) be the second derivative of 25*f**3/6 - 15*f**2/2 + 2*f. Calculate the remainder when j(d) is divided by 28.
26
Let l(s) = -s**2 - 364*s - 24266. Suppose -3*x + 9 + 327 = 0. What is the remainder when x is divided by l(-276)?
2
Let n(z) = -z**2 - 10*z - 32. Suppose -t - 42 = 2*t. Let o be n(t). Let i = -53 - o. Calculate the remainder when i is divided by 9.
8
Suppose -7*g = -3*g - 1464 + 444. What is the remainder when 524 is divided by g?
14
Let s be (49/2)/(20/40). Suppose -s*l + 59*l = 180. What is the remainder when l is divided by 18?
0
Let a(c) = -10*c**3 + 4*c**2 + c + 2. Calculate the remainder when a(-3) is divided by 64 - 78/234*-123.
95
Let f be ((-13)/(-3) + -1)*3*-11. Let w = f + 237. What is the remainder when w is divided by 37?
16
Suppose 17*i - 15*i = 4. Suppose 2*j - 120 + i = -4*k, -2*k - 10 = 0. What is the remainder when j is divided by 12?
9
Let g = -29 - -33. Suppose b + 3*w = -g*b + 718, -5*b = -2*w - 738. Calculate the remainder when b is divided by 40.
26
Let g(p) = -p**2 - 2446*p + 17272. Let w = 12 + 14. Calculate the remainder when g(7) is divided by w.
23
Let m(c) = -35*c + 13*c + 13*c + 10 + 8*c. What is the remainder when 78 is divided by m(-15)?
3
Let d(q) = 468*q - 5801. What is the remainder when d(35) is divided by 216?
211
Suppose 0 = 3*a - a + 3*w - 23, 0 = -5*a - w + 25. Suppose 2*y - a*r = -2*y + 44, -3*y + r = -41. Calculate the remainder when 70 is divided by y.
10
Suppose 10*a + 10*a + 480 = 0. What is the remainder when -6*(4 + 244/a) is divided by 10?
7
Suppose 16*x - 629 = -x. Let z be (-26)/(1/(-3) - 0). Suppose 0 = -2*g + 138 + z. Calculate the remainder when g is divided by x.
34
Suppose -123*r + 48795 = -187143 - 90135. What is the remainder when r is divided by 296?
283
Let q = -375 + 377. Suppose -159 = -2*g + 3*x, q*g + 0*g + 3*x = 177. Calculate the remainder when 417 is divided by g.
81
Let t = 37 - 30. Suppose 5*b = t*b - 20. Suppose -b*z + 135 = -225. What is the remainder when z is divided by 20?
16
Let n be (-4*(-1)/10)/(4/(-40)). Calculate the remainder when (386/n)/((-1)/2) is divided by 4.
1
Let p(w) = 2*w**3 - 84*w**2 + 307*w - 20. What is the remainder when 253 is divided by p(38)?
65
Suppose -3*h + 5 = 2*z, 4581*h - 4583*h = -3*z - 25. Let t(g) = g + 23. Calculate the remainder when t(0) is divided by h.
3
Suppose 85*u + 30063 = -81*u + 199*u. Calculate the remainder when u is divided by 181.
6
What is the remainder when 270 is divided by 681/12 + (-16)/(-960)*15?
42
Suppose -4*t + 2*t + 33 = -5*x, -4*t = x - 33. Suppose 3*m = -9, -h + t - 3 = 2*m. Suppose -27*i = -26*i - h. Calculate the remainder when 17 is divided by i.
5
Let f = -262527 - -262544. Let j be (1 - -1) + 6/1. Suppose 0 = -2*x - 2*o - 4, -2*x - j = -3*x + o. Calculate the remainder when f is divided by x.
2
Let r = 84 - 122. What is the remainder when 2*9/(-6) + (-1 - r) is divided by 4?
2
What is the remainder when (-115)/2*28/(-5) is divided by (-5970)/80595 - (